{"id":413,"date":"2020-05-05T22:46:03","date_gmt":"2020-05-05T20:46:03","guid":{"rendered":"http:\/\/paroisse-oisans.fr\/?page_id=413"},"modified":"2020-05-09T17:56:21","modified_gmt":"2020-05-09T15:56:21","slug":"413-2","status":"publish","type":"page","link":"https:\/\/paroisse-oisans.fr\/index.php\/413-2\/","title":{"rendered":"Mentions l\u00e9gales"},"content":{"rendered":"<p>[et_pb_section fb_built=&#8221;1&#8243; fullwidth=&#8221;on&#8221; admin_label=&#8221;Header&#8221; _builder_version=&#8221;4.4.3&#8243; background_image=&#8221;http:\/\/paroisse-oisans.fr\/wp-content\/uploads\/2020\/04\/croix.jpg&#8221; parallax=&#8221;on&#8221; width=&#8221;100%&#8221; max_width=&#8221;100%&#8221; module_alignment=&#8221;center&#8221; min_height=&#8221;100px&#8221; height=&#8221;343px&#8221; max_height=&#8221;341px&#8221; custom_margin=&#8221;0px||||false|false&#8221;][et_pb_fullwidth_header title=&#8221;Paroisse Saint Bernard en Oisans&#8221; subhead=&#8221;Dioc\u00e8se de Grenoble-Vienne&#8221; text_orientation=&#8221;center&#8221; _builder_version=&#8221;4.4.3&#8243; title_font=&#8221;Didact Gothic||||||||&#8221; title_text_align=&#8221;center&#8221; title_font_size=&#8221;53px&#8221; title_line_height=&#8221;1.3em&#8221; content_font=&#8221;||||||||&#8221; content_font_size=&#8221;16px&#8221; content_line_height=&#8221;2em&#8221; subhead_font=&#8221;Didact Gothic||||||||&#8221; subhead_font_size=&#8221;32px&#8221; subhead_line_height=&#8221;1.8em&#8221; background_color=&#8221;rgba(0,0,0,0)&#8221; use_background_color_gradient=&#8221;on&#8221; background_color_gradient_start=&#8221;rgba(102,133,221,0.39)&#8221; background_color_gradient_end=&#8221;rgba(58,37,51,0.26)&#8221; background_color_gradient_type=&#8221;radial&#8221; background_color_gradient_end_position=&#8221;75%&#8221; custom_button_one=&#8221;on&#8221; button_one_text_size=&#8221;16px&#8221; button_one_text_color=&#8221;#ffffff&#8221; button_one_bg_color=&#8221;#a0beef&#8221; button_one_border_width=&#8221;8px&#8221; button_one_border_color=&#8221;rgba(0,0,0,0)&#8221; button_one_border_radius=&#8221;0px&#8221; button_one_letter_spacing=&#8221;3px&#8221; button_one_font=&#8221;Didact Gothic|700||on|||||&#8221; button_one_use_icon=&#8221;off&#8221; custom_button_two=&#8221;on&#8221; button_two_text_size=&#8221;16px&#8221; button_two_text_color=&#8221;#34587c&#8221; button_two_bg_color=&#8221;#ffffff&#8221; button_two_border_width=&#8221;8px&#8221; button_two_border_color=&#8221;rgba(0,0,0,0)&#8221; button_two_border_radius=&#8221;0px&#8221; button_two_letter_spacing=&#8221;3px&#8221; button_two_font=&#8221;Didact Gothic|700||on|||||&#8221; button_two_icon=&#8221;%%40%%&#8221; button_two_icon_placement=&#8221;left&#8221; button_two_on_hover=&#8221;off&#8221; width=&#8221;100%&#8221; max_width=&#8221;100%&#8221; module_alignment=&#8221;center&#8221; min_height=&#8221;449px&#8221; custom_padding=&#8221;3vw||0vw|||&#8221; custom_padding_tablet=&#8221;&#8221; custom_padding_phone=&#8221;||80px&#8221; custom_padding_last_edited=&#8221;on|phone&#8221; animation_style=&#8221;fade&#8221; animation_starting_opacity=&#8221;45%&#8221; title_font_size_tablet=&#8221;40px&#8221; title_font_size_phone=&#8221;30px&#8221; title_font_size_last_edited=&#8221;on|phone&#8221; subhead_font_size_tablet=&#8221;&#8221; subhead_font_size_phone=&#8221;18px&#8221; subhead_font_size_last_edited=&#8221;on|phone&#8221;][\/et_pb_fullwidth_header][\/et_pb_section][et_pb_section fb_built=&#8221;1&#8243; admin_label=&#8221;Services&#8221; _builder_version=&#8221;3.22&#8243; background_image=&#8221;http:\/\/paroisse-oisans.fr\/wp-content\/uploads\/2020\/04\/church-03.jpg&#8221; background_size=&#8221;initial&#8221; background_position=&#8221;top_center&#8221; custom_padding=&#8221;0|0px|0px|0px|false|false&#8221;][et_pb_row column_structure=&#8221;1_2,1_2&#8243; use_custom_gutter=&#8221;on&#8221; gutter_width=&#8221;1&#8243; _builder_version=&#8221;4.4.3&#8243; min_height=&#8221;100px&#8221; custom_margin=&#8221;|auto|-32px|auto||&#8221; custom_padding=&#8221;0|0px|0|0px|false|false&#8221;][et_pb_column type=&#8221;1_2&#8243; _builder_version=&#8221;3.25&#8243; custom_padding=&#8221;|||&#8221; custom_padding__hover=&#8221;|||&#8221;][\/et_pb_column][et_pb_column type=&#8221;1_2&#8243; _builder_version=&#8221;3.25&#8243; custom_padding=&#8221;|||&#8221; custom_padding__hover=&#8221;|||&#8221;][\/et_pb_column][\/et_pb_row][et_pb_row disabled_on=&#8221;on|on|off&#8221; _builder_version=&#8221;4.4.3&#8243; global_module=&#8221;392&#8243; saved_tabs=&#8221;all&#8221;][et_pb_column type=&#8221;4_4&#8243; _builder_version=&#8221;4.4.3&#8243;][et_pb_menu active_link_color=&#8221;#0C71C3&#8243; _builder_version=&#8221;4.4.3&#8243; menu_font=&#8221;|600|||||||&#8221; menu_text_color=&#8221;#FFFFFF&#8221; menu_line_height=&#8221;2.3em&#8221; background_color=&#8221;rgba(140,163,209,0.75)&#8221;][\/et_pb_menu][\/et_pb_column][\/et_pb_row][\/et_pb_section][et_pb_section fb_built=&#8221;1&#8243; _builder_version=&#8221;4.4.3&#8243; min_height=&#8221;100px&#8221; custom_padding=&#8221;85px||0px|||&#8221;][et_pb_row _builder_version=&#8221;4.4.3&#8243; min_height=&#8221;741px&#8221; custom_margin=&#8221;0px|auto||auto||&#8221; custom_padding=&#8221;||24px|||&#8221;][et_pb_column type=&#8221;4_4&#8243; _builder_version=&#8221;4.4.3&#8243;][et_pb_text _builder_version=&#8221;4.4.3&#8243; text_font_size=&#8221;1px&#8221; header_font_size=&#8221;50px&#8221; header_text_shadow_style=&#8221;preset1&#8243;]<\/p>\n<h1><strong>Mentions l\u00e9gales<\/strong><\/h1>\n<h1><strong>\u00a0<\/strong><\/h1>\n<p>&nbsp;<\/p>\n<p>&nbsp;<\/p>\n<p>&nbsp;<\/p>\n<p>[\/et_pb_text][et_pb_text _builder_version=&#8221;4.4.3&#8243; min_height=&#8221;419px&#8221; custom_margin=&#8221;-48px|||||&#8221; custom_padding=&#8221;0px|||||&#8221;]<\/p>\n<p><strong>\u00a0<\/strong><\/p>\n<p>Paroisse Saint Bernard en Oisans &#8211; Dioc\u00e8se de Grenoble<br \/> Place de l\u2019\u00e9glise<br \/> 38520 Le Bourg d\u2019Oisans<br \/> T\u00e9l.\u00a0: 04 76 80 71 65 (cure d\u2019Allemont o\u00f9 habite le pr\u00eatre)<\/p>\n<p><a href=\"mailto:paroisse.oisans@orange.fr\">paroisse.oisans@orange.fr<\/a><\/p>\n<p>&nbsp;<\/p>\n<p>Directeur de la publication\u00a0: Marc Cholin, pr\u00eatre mod\u00e9rateur.<\/p>\n<p>&nbsp;<\/p>\n<p>H\u00e9bergement\u00a0: OVH<br \/> Si\u00e8ge social\u00a0: 140 Quai du Sartel<br \/> 59100 Roubaix &#8211; France.<\/p>\n<p>[\/et_pb_text][\/et_pb_column][\/et_pb_row][\/et_pb_section]<\/p>\n","protected":false},"excerpt":{"rendered":"<p>Mentions l\u00e9gales \u00a0 &nbsp; &nbsp; &nbsp;\u00a0 Paroisse Saint Bernard en Oisans &#8211; Dioc\u00e8se de Grenoble Place de l\u2019\u00e9glise 38520 Le Bourg d\u2019Oisans T\u00e9l.\u00a0: 04 76 80 71 65 (cure d\u2019Allemont o\u00f9 habite le pr\u00eatre) paroisse.oisans@orange.fr &nbsp; Directeur de la publication\u00a0: Marc Cholin, pr\u00eatre mod\u00e9rateur. &nbsp; H\u00e9bergement\u00a0: OVH Si\u00e8ge social\u00a0: 140 Quai du Sartel 59100 Roubaix [&hellip;]<\/p>\n","protected":false},"author":1,"featured_media":0,"parent":0,"menu_order":0,"comment_status":"closed","ping_status":"closed","template":"","meta":{"_et_pb_use_builder":"on","_et_pb_old_content":"","_et_gb_content_width":"","footnotes":""},"class_list":["post-413","page","type-page","status-publish","hentry"],"_links":{"self":[{"href":"https:\/\/paroisse-oisans.fr\/index.php\/wp-json\/wp\/v2\/pages\/413","targetHints":{"allow":["GET"]}}],"collection":[{"href":"https:\/\/paroisse-oisans.fr\/index.php\/wp-json\/wp\/v2\/pages"}],"about":[{"href":"https:\/\/paroisse-oisans.fr\/index.php\/wp-json\/wp\/v2\/types\/page"}],"author":[{"embeddable":true,"href":"https:\/\/paroisse-oisans.fr\/index.php\/wp-json\/wp\/v2\/users\/1"}],"replies":[{"embeddable":true,"href":"https:\/\/paroisse-oisans.fr\/index.php\/wp-json\/wp\/v2\/comments?post=413"}],"version-history":[{"count":4,"href":"https:\/\/paroisse-oisans.fr\/index.php\/wp-json\/wp\/v2\/pages\/413\/revisions"}],"predecessor-version":[{"id":515,"href":"https:\/\/paroisse-oisans.fr\/index.php\/wp-json\/wp\/v2\/pages\/413\/revisions\/515"}],"wp:attachment":[{"href":"https:\/\/paroisse-oisans.fr\/index.php\/wp-json\/wp\/v2\/media?parent=413"}],"curies":[{"name":"wp","href":"https:\/\/api.w.org\/{rel}","templated":true}]}}