{"id":275,"date":"2020-05-02T21:05:55","date_gmt":"2020-05-02T19:05:55","guid":{"rendered":"http:\/\/paroisse-oisans.fr\/?page_id=275"},"modified":"2025-11-28T18:57:20","modified_gmt":"2025-11-28T17:57:20","slug":"vie-en-paroisse","status":"publish","type":"page","link":"https:\/\/paroisse-oisans.fr\/index.php\/vie-en-paroisse\/","title":{"rendered":"Paroisse"},"content":{"rendered":"<p>[et_pb_section fb_built=&#8221;1&#8243; fullwidth=&#8221;on&#8221; admin_label=&#8221;Header&#8221; _builder_version=&#8221;4.4.3&#8243; background_image=&#8221;http:\/\/paroisse-oisans.fr\/wp-content\/uploads\/2020\/05\/DSCF4372-4.jpg&#8221; background_position=&#8221;top_center&#8221; width=&#8221;100%&#8221; max_width=&#8221;100%&#8221; module_alignment=&#8221;center&#8221; min_height=&#8221;128px&#8221; height=&#8221;379px&#8221; max_height=&#8221;1000px&#8221; custom_margin=&#8221;0px||||false|false&#8221; global_module=&#8221;535&#8243; global_colors_info=&#8221;{}&#8221;][et_pb_fullwidth_header title=&#8221;Paroisse Saint Bernard en Oisans&#8221; subhead=&#8221;Dioc\u00e8se de Grenoble-Vienne&#8221; text_orientation=&#8221;center&#8221; _builder_version=&#8221;4.16&#8243; title_font=&#8221;Didact Gothic||||||||&#8221; title_text_align=&#8221;center&#8221; title_font_size=&#8221;45px&#8221; title_line_height=&#8221;2.5em&#8221; content_font=&#8221;||||||||&#8221; content_font_size=&#8221;16px&#8221; content_line_height=&#8221;2em&#8221; subhead_font=&#8221;Didact Gothic||||||||&#8221; subhead_font_size=&#8221;32px&#8221; subhead_line_height=&#8221;2.9em&#8221; background_color=&#8221;rgba(0,0,0,0)&#8221; use_background_color_gradient=&#8221;on&#8221; background_color_gradient_type=&#8221;circular&#8221; background_color_gradient_stops=&#8221;rgba(102,133,221,0.39) 0%|rgba(58,37,51,0.26) 75%&#8221; background_color_gradient_start=&#8221;rgba(102,133,221,0.39)&#8221; background_color_gradient_end=&#8221;rgba(58,37,51,0.26)&#8221; background_color_gradient_end_position=&#8221;75%&#8221; custom_button_one=&#8221;on&#8221; button_one_text_size=&#8221;16px&#8221; button_one_text_color=&#8221;#ffffff&#8221; button_one_bg_color=&#8221;#a0beef&#8221; button_one_border_width=&#8221;8px&#8221; button_one_border_color=&#8221;rgba(0,0,0,0)&#8221; button_one_border_radius=&#8221;0px&#8221; button_one_letter_spacing=&#8221;3px&#8221; button_one_font=&#8221;Didact Gothic|700||on|||||&#8221; button_one_use_icon=&#8221;off&#8221; custom_button_two=&#8221;on&#8221; button_two_text_size=&#8221;16px&#8221; button_two_text_color=&#8221;#34587c&#8221; button_two_bg_color=&#8221;#ffffff&#8221; button_two_border_width=&#8221;8px&#8221; button_two_border_color=&#8221;rgba(0,0,0,0)&#8221; button_two_border_radius=&#8221;0px&#8221; button_two_letter_spacing=&#8221;3px&#8221; button_two_font=&#8221;Didact Gothic|700||on|||||&#8221; button_two_icon=&#8221;&#x49;||divi||400&#8243; button_two_icon_placement=&#8221;left&#8221; button_two_on_hover=&#8221;off&#8221; width=&#8221;100%&#8221; max_width=&#8221;100%&#8221; module_alignment=&#8221;center&#8221; min_height=&#8221;381px&#8221; custom_padding=&#8221;3vw||0vw|||&#8221; custom_padding_tablet=&#8221;&#8221; custom_padding_phone=&#8221;||80px&#8221; custom_padding_last_edited=&#8221;on|phone&#8221; animation_style=&#8221;fade&#8221; animation_starting_opacity=&#8221;45%&#8221; title_font_size_tablet=&#8221;40px&#8221; title_font_size_phone=&#8221;30px&#8221; title_font_size_last_edited=&#8221;on|phone&#8221; subhead_font_size_tablet=&#8221;&#8221; subhead_font_size_phone=&#8221;18px&#8221; subhead_font_size_last_edited=&#8221;on|phone&#8221; global_colors_info=&#8221;{}&#8221;][\/et_pb_fullwidth_header][\/et_pb_section][et_pb_section fb_built=&#8221;1&#8243; fullwidth=&#8221;on&#8221; _builder_version=&#8221;4.16&#8243; min_height=&#8221;35px&#8221; global_colors_info=&#8221;{}&#8221;][\/et_pb_section][et_pb_section fb_built=&#8221;1&#8243; _builder_version=&#8221;4.16&#8243; min_height=&#8221;100px&#8221; custom_padding=&#8221;85px||0px|||&#8221; global_colors_info=&#8221;{}&#8221;][et_pb_row _builder_version=&#8221;4.16&#8243; min_height=&#8221;769px&#8221; custom_margin=&#8221;0px|auto||auto||&#8221; custom_padding=&#8221;||24px|||&#8221; global_colors_info=&#8221;{}&#8221;][et_pb_column type=&#8221;4_4&#8243; _builder_version=&#8221;4.16&#8243; global_colors_info=&#8221;{}&#8221;][et_pb_text _builder_version=&#8221;4.16&#8243; text_font_size=&#8221;1px&#8221; header_font_size=&#8221;50px&#8221; text_orientation=&#8221;center&#8221; header_text_shadow_style=&#8221;preset1&#8243; global_colors_info=&#8221;{}&#8221;]<\/p>\n<h2><strong>Vie en Paroisse<\/strong><\/h2>\n<p>&nbsp;<\/p>\n<h3><strong>Agenda de la Paroisse<br \/> <\/strong><\/h3>\n<p>[\/et_pb_text][et_pb_text _builder_version=&#8221;4.27.4&#8243; text_text_color=&#8221;#000000&#8243; text_orientation=&#8221;center&#8221; min_height=&#8221;419px&#8221; custom_margin=&#8221;72px|||||&#8221; custom_padding=&#8221;0px|||||&#8221; hover_enabled=&#8221;0&#8243; global_colors_info=&#8221;{}&#8221; sticky_enabled=&#8221;0&#8243; content_last_edited=&#8221;on|desktop&#8221; content_tablet=&#8221;<\/p>\n<p style=%22text-align: left;%22><strong><\/strong><\/p>\n<p style=%22text-align: left;%22><strong><\/strong><\/p>\n<p style=%22text-align: left;%22><strong><\/strong><\/p>\n<p style=%22text-align: left;%22><strong>Equipe paroissiale<\/strong><br \/>\nL\u2019\u00e9quipe paroissiale se r\u00e9unit r\u00e9guli\u00e8rement avec le pr\u00eatre pour porter ensemble la charge paroissiale, \u00e9valuer le pass\u00e9 et envisager l\u2019avenir. Elle est compos\u00e9e actuellement de :\u2028 J\u00e9r\u00f4me Nonet 06 60 45 67 90<br \/>\nJean-Marie JACOB 06 88 62 11 64<br \/>\n<strong>Conseil paroissial<\/strong><br \/>\nLe conseil paroissial a pour but de voir comment la paroisse r\u00e9pond aux attentes des habitants, comment annoncer en Oisans la Bonne nouvelle de l\u2019\u00e9vangile. Il est compos\u00e9 du pr\u00eatre, de l\u2019\u00e9quipe paroissiale, du notaire, de l\u2019\u00e9conome et de diff\u00e9rentes personnes coopt\u00e9es. Il se r\u00e9unit deux ou trois fois par an.<br \/>\n<strong>Equipes liturgiques<\/strong><br \/>\nUne petite \u00e9quipe pr\u00e9pare mensuellement les chants des messes \u00e0 venir.<br \/>\nUne autre \u00e9quipe, dispers\u00e9e, pr\u00e9pare les pri\u00e8res universelles. Si vous d\u00e9sirez y contribuer et prendre votre tour, appelez Michel Bonte au 04 76 11 01 95.<br \/>\n<strong>Fraternit\u00e9s locales<\/strong><br \/>\nCes fraternit\u00e9s, encourag\u00e9es par l\u2019\u00e9v\u00eaque favorisent la proximit\u00e9 et le partage. En Oisans, deux \u00e9quipes sont d\u00e9j\u00e0 en place :<br \/>\n\u2013 \u00e0 Clavans et les 2 Alpes chez Odile Proal et Xavier Gonord<br \/>&#8211; A Bourg d\u2019Oisans autour de Pierre Minelli<br \/>\nAu menu\u00a0: \u00e9change de nouvelles, partage d\u2019\u00e9vangile, pri\u00e8re.<br \/>\n<strong>Groupe biblique<\/strong><br \/>\nUn groupe se r\u00e9unit autour de Dan Weekes, protestant \u00e9vang\u00e9lique australien. Il se r\u00e9unit le mercredi tous les 15 jours \u00e0 18h \u00e0 Bourg d\u2019Oisans, semaine paire,\u00a0suivi d\u2019un repas partag\u00e9.<br \/>\nEn 2025-26, nous lisons la 1\u00b0 lettre aux Corinthiens&#8221; content_phone=&#8221;<\/p>\n<p style=%22text-align: left;%22><strong><\/strong><\/p>\n<p style=%22text-align: left;%22><strong><\/strong><\/p>\n<p style=%22text-align: left;%22><strong><\/strong><\/p>\n<p style=%22text-align: left;%22><strong>Equipe paroissiale<\/strong><br \/>\nL\u2019\u00e9quipe paroissiale se r\u00e9unit r\u00e9guli\u00e8rement avec le pr\u00eatre pour porter ensemble la charge paroissiale, \u00e9valuer le pass\u00e9 et envisager l\u2019avenir. Elle est compos\u00e9e actuellement de :\u2028 J\u00e9r\u00f4me Nonet 06 60 45 67 90<br \/>\nJean-Marie JACOB 06 88 62 11 64<br \/>\n<strong>Conseil paroissial<\/strong><br \/>\nLe conseil paroissial a pour but de voir comment la paroisse r\u00e9pond aux attentes des habitants, comment annoncer en Oisans la Bonne nouvelle de l\u2019\u00e9vangile. Il est compos\u00e9 du pr\u00eatre, de l\u2019\u00e9quipe paroissiale, du notaire, de l\u2019\u00e9conome et de diff\u00e9rentes personnes coopt\u00e9es. Il se r\u00e9unit deux ou trois fois par an.<br \/>\n<strong>Equipes liturgiques<\/strong><br \/>\nUne petite \u00e9quipe pr\u00e9pare mensuellement les chants des messes \u00e0 venir.<br \/>\nUne autre \u00e9quipe, dispers\u00e9e, pr\u00e9pare les pri\u00e8res universelles. Si vous d\u00e9sirez y contribuer et prendre votre tour, appelez Michel Bonte au 04 76 11 01 95.<br \/>\n<strong>Fraternit\u00e9s locales<\/strong><br \/>\nCes fraternit\u00e9s, encourag\u00e9es par l\u2019\u00e9v\u00eaque favorisent la proximit\u00e9 et le partage. En Oisans, deux \u00e9quipes sont d\u00e9j\u00e0 en place :<br \/>\n\u2013 \u00e0 Clavans et les 2 Alpes chez Odile Proal et Xavier Gonord<br \/>&#8211; A Bourg d\u2019Oisans autour de Pierre Minelli<br \/>\nAu menu\u00a0: \u00e9change de nouvelles, partage d\u2019\u00e9vangile, pri\u00e8re.<br \/>\n<strong>Groupe biblique<\/strong><br \/>\nUn groupe se r\u00e9unit autour de Dan Weekes, protestant \u00e9vang\u00e9lique australien. Il se r\u00e9unit le mercredi tous les 15 jours \u00e0 18h \u00e0 Bourg d\u2019Oisans, semaine paire,\u00a0suivi d\u2019un repas partag\u00e9.<br \/>\nEn 2025-26, nous lisons la 1\u00b0 lettre aux Corinthiens&#8221;]<\/p>\n<p style=\"text-align: left;\"><strong>Equipe paroissiale<\/strong><br \/>L\u2019\u00e9quipe paroissiale se r\u00e9unit r\u00e9guli\u00e8rement avec le pr\u00eatre pour porter ensemble la charge paroissiale, \u00e9valuer le pass\u00e9 et envisager l\u2019avenir. Elle est compos\u00e9e actuellement de :\u2028 J\u00e9r\u00f4me Nonet 06 60 45 67 90<br \/>Jean-Marie JACOB 06 88 62 11 64<br \/><strong>Conseil paroissial<\/strong><br \/>Le conseil paroissial a pour but de voir comment la paroisse r\u00e9pond aux attentes des habitants, comment annoncer en Oisans la Bonne nouvelle de l\u2019\u00e9vangile. Il est compos\u00e9 du pr\u00eatre, de l\u2019\u00e9quipe paroissiale, du notaire, de l\u2019\u00e9conome et de diff\u00e9rentes personnes coopt\u00e9es. Il se r\u00e9unit deux ou trois fois par an.<br \/><strong>Equipes liturgiques<\/strong><br \/>Une petite \u00e9quipe pr\u00e9pare mensuellement les chants des messes \u00e0 venir.<br \/>Une autre \u00e9quipe, dispers\u00e9e, pr\u00e9pare les pri\u00e8res universelles. Si vous d\u00e9sirez y contribuer et prendre votre tour, appelez Michel Bonte au 04 76 11 01 95.<br \/><strong>Fraternit\u00e9s locales<\/strong><br \/>Ces fraternit\u00e9s, encourag\u00e9es par l\u2019\u00e9v\u00eaque favorisent la proximit\u00e9 et le partage. En Oisans, deux \u00e9quipes sont d\u00e9j\u00e0 en place :\u2028\u2013 \u00e0 Clavans et les 2 Alpes chez Odile Proal et Xavier Gonord \u2028- A Bourg d\u2019Oisans autour de Pierre Minelli<br \/>Au menu\u00a0: \u00e9change de nouvelles, partage d\u2019\u00e9vangile, pri\u00e8re.<br \/><strong>Groupe biblique<\/strong><br \/>Un groupe se r\u00e9unit autour de Dan Weekes, protestant \u00e9vang\u00e9lique australien. Il se r\u00e9unit le mercredi tous les 15 jours \u00e0 18h \u00e0 Bourg d\u2019Oisans, semaine paire,\u00a0suivi d\u2019un repas partag\u00e9. <br \/>En 2025-26, nous lisons la 1\u00b0 lettre aux Corinthiens<\/p>\n<p>[\/et_pb_text][\/et_pb_column][\/et_pb_row][\/et_pb_section]<\/p>\n","protected":false},"excerpt":{"rendered":"<p>Vie en Paroisse &nbsp; Agenda de la Paroisse Equipe paroissialeL\u2019\u00e9quipe paroissiale se r\u00e9unit r\u00e9guli\u00e8rement avec le pr\u00eatre pour porter ensemble la charge paroissiale, \u00e9valuer le pass\u00e9 et envisager l\u2019avenir. Elle est compos\u00e9e actuellement de :\u2028 J\u00e9r\u00f4me Nonet 06 60 45 67 90Jean-Marie JACOB 06 88 62 11 64Conseil paroissialLe conseil paroissial a pour but de [&hellip;]<\/p>\n","protected":false},"author":1,"featured_media":0,"parent":0,"menu_order":0,"comment_status":"closed","ping_status":"closed","template":"","meta":{"_et_pb_use_builder":"on","_et_pb_old_content":"","_et_gb_content_width":"","footnotes":""},"class_list":["post-275","page","type-page","status-publish","hentry"],"_links":{"self":[{"href":"https:\/\/paroisse-oisans.fr\/index.php\/wp-json\/wp\/v2\/pages\/275","targetHints":{"allow":["GET"]}}],"collection":[{"href":"https:\/\/paroisse-oisans.fr\/index.php\/wp-json\/wp\/v2\/pages"}],"about":[{"href":"https:\/\/paroisse-oisans.fr\/index.php\/wp-json\/wp\/v2\/types\/page"}],"author":[{"embeddable":true,"href":"https:\/\/paroisse-oisans.fr\/index.php\/wp-json\/wp\/v2\/users\/1"}],"replies":[{"embeddable":true,"href":"https:\/\/paroisse-oisans.fr\/index.php\/wp-json\/wp\/v2\/comments?post=275"}],"version-history":[{"count":18,"href":"https:\/\/paroisse-oisans.fr\/index.php\/wp-json\/wp\/v2\/pages\/275\/revisions"}],"predecessor-version":[{"id":872,"href":"https:\/\/paroisse-oisans.fr\/index.php\/wp-json\/wp\/v2\/pages\/275\/revisions\/872"}],"wp:attachment":[{"href":"https:\/\/paroisse-oisans.fr\/index.php\/wp-json\/wp\/v2\/media?parent=275"}],"curies":[{"name":"wp","href":"https:\/\/api.w.org\/{rel}","templated":true}]}}

<p>[et_pb_section fb_built=&#8221;1&#8243; fullwidth=&#8221;on&#8221; admin_label=&#8221;Header&#8221; _builder_version=&#8221;4.4.3&#8243; background_image=&#8221;http://paroisse-oisans.fr/wp-content/uploads/2020/05/DSCF4372-4.jpg&#8221; background_position=&#8221;top_center&#8221; width=&#8221;100%&#8221; max_width=&#8221;100%&#8221; module_alignment=&#8221;center&#8221; min_height=&#8221;128px&#8221; height=&#8221;379px&#8221; max_height=&#8221;1000px&#8221; custom_margin=&#8221;0px||||false|false&#8221; global_module=&#8221;535&#8243; global_colors_info=&#8221;{}&#8221;][et_pb_fullwidth_header title=&#8221;Paroisse Saint Bernard en Oisans&#8221; subhead=&#8221;Diocèse de Grenoble-Vienne&#8221; text_orientation=&#8221;center&#8221; _builder_version=&#8221;4.16&#8243; title_font=&#8221;Didact Gothic||||||||&#8221; title_text_align=&#8221;center&#8221; title_font_size=&#8221;45px&#8221; title_line_height=&#8221;2.5em&#8221; content_font=&#8221;||||||||&#8221; content_font_size=&#8221;16px&#8221; content_line_height=&#8221;2em&#8221; subhead_font=&#8221;Didact Gothic||||||||&#8221; subhead_font_size=&#8221;32px&#8221; subhead_line_height=&#8221;2.9em&#8221; background_color=&#8221;rgba(0,0,0,0)&#8221; use_background_color_gradient=&#8221;on&#8221; background_color_gradient_type=&#8221;circular&#8221; background_color_gradient_stops=&#8221;rgba(102,133,221,0.39) 0%|rgba(58,37,51,0.26) 75%&#8221; background_color_gradient_start=&#8221;rgba(102,133,221,0.39)&#8221; background_color_gradient_end=&#8221;rgba(58,37,51,0.26)&#8221; background_color_gradient_end_position=&#8221;75%&#8221; custom_button_one=&#8221;on&#8221; button_one_text_size=&#8221;16px&#8221; button_one_text_color=&#8221;#ffffff&#8221; button_one_bg_color=&#8221;#a0beef&#8221; button_one_border_width=&#8221;8px&#8221; button_one_border_color=&#8221;rgba(0,0,0,0)&#8221; button_one_border_radius=&#8221;0px&#8221; button_one_letter_spacing=&#8221;3px&#8221; button_one_font=&#8221;Didact Gothic|700||on|||||&#8221; button_one_use_icon=&#8221;off&#8221; custom_button_two=&#8221;on&#8221; button_two_text_size=&#8221;16px&#8221; button_two_text_color=&#8221;#34587c&#8221; button_two_bg_color=&#8221;#ffffff&#8221; button_two_border_width=&#8221;8px&#8221; button_two_border_color=&#8221;rgba(0,0,0,0)&#8221; button_two_border_radius=&#8221;0px&#8221; button_two_letter_spacing=&#8221;3px&#8221; button_two_font=&#8221;Didact Gothic|700||on|||||&#8221; button_two_icon=&#8221;&#x49;||divi||400&#8243; button_two_icon_placement=&#8221;left&#8221; button_two_on_hover=&#8221;off&#8221; width=&#8221;100%&#8221; max_width=&#8221;100%&#8221; module_alignment=&#8221;center&#8221; min_height=&#8221;381px&#8221; custom_padding=&#8221;3vw||0vw|||&#8221; custom_padding_tablet=&#8221;&#8221; custom_padding_phone=&#8221;||80px&#8221; custom_padding_last_edited=&#8221;on|phone&#8221; animation_style=&#8221;fade&#8221; animation_starting_opacity=&#8221;45%&#8221; title_font_size_tablet=&#8221;40px&#8221; title_font_size_phone=&#8221;30px&#8221; title_font_size_last_edited=&#8221;on|phone&#8221; subhead_font_size_tablet=&#8221;&#8221; subhead_font_size_phone=&#8221;18px&#8221; subhead_font_size_last_edited=&#8221;on|phone&#8221; global_colors_info=&#8221;{}&#8221;][/et_pb_fullwidth_header][/et_pb_section][et_pb_section fb_built=&#8221;1&#8243; fullwidth=&#8221;on&#8221; _builder_version=&#8221;4.16&#8243; min_height=&#8221;35px&#8221; global_colors_info=&#8221;{}&#8221;][/et_pb_section][et_pb_section fb_built=&#8221;1&#8243; _builder_version=&#8221;4.16&#8243; min_height=&#8221;100px&#8221; custom_padding=&#8221;85px||0px|||&#8221; global_colors_info=&#8221;{}&#8221;][et_pb_row _builder_version=&#8221;4.16&#8243; min_height=&#8221;769px&#8221; custom_margin=&#8221;0px|auto||auto||&#8221; custom_padding=&#8221;||24px|||&#8221; global_colors_info=&#8221;{}&#8221;][et_pb_column type=&#8221;4_4&#8243; _builder_version=&#8221;4.16&#8243; global_colors_info=&#8221;{}&#8221;][et_pb_text _builder_version=&#8221;4.16&#8243; text_font_size=&#8221;1px&#8221; header_font_size=&#8221;50px&#8221; text_orientation=&#8221;center&#8221; header_text_shadow_style=&#8221;preset1&#8243; global_colors_info=&#8221;{}&#8221;]</p>
<h2><strong>Vie en Paroisse</strong></h2>
<p>&nbsp;</p>
<h3><strong>Agenda de la Paroisse<br /> </strong></h3>
<p>[/et_pb_text][et_pb_text _builder_version=&#8221;4.27.4&#8243; text_text_color=&#8221;#000000&#8243; text_orientation=&#8221;center&#8221; min_height=&#8221;419px&#8221; custom_margin=&#8221;72px|||||&#8221; custom_padding=&#8221;0px|||||&#8221; hover_enabled=&#8221;0&#8243; global_colors_info=&#8221;{}&#8221; sticky_enabled=&#8221;0&#8243; content_last_edited=&#8221;on|desktop&#8221; content_tablet=&#8221;</p>
<p style=%22text-align: left;%22><strong></strong></p>
<p style=%22text-align: left;%22><strong></strong></p>
<p style=%22text-align: left;%22><strong></strong></p>
<p style=%22text-align: left;%22><strong>Equipe paroissiale</strong><br />
L’équipe paroissiale se réunit régulièrement avec le prêtre pour porter ensemble la charge paroissiale, évaluer le passé et envisager l’avenir. Elle est composée actuellement de :  Jérôme Nonet 06 60 45 67 90<br />
Jean-Marie JACOB 06 88 62 11 64<br />
<strong>Conseil paroissial</strong><br />
Le conseil paroissial a pour but de voir comment la paroisse répond aux attentes des habitants, comment annoncer en Oisans la Bonne nouvelle de l’évangile. Il est composé du prêtre, de l’équipe paroissiale, du notaire, de l’économe et de différentes personnes cooptées. Il se réunit deux ou trois fois par an.<br />
<strong>Equipes liturgiques</strong><br />
Une petite équipe prépare mensuellement les chants des messes à venir.<br />
Une autre équipe, dispersée, prépare les prières universelles. Si vous désirez y contribuer et prendre votre tour, appelez Michel Bonte au 04 76 11 01 95.<br />
<strong>Fraternités locales</strong><br />
Ces fraternités, encouragées par l’évêque favorisent la proximité et le partage. En Oisans, deux équipes sont déjà en place :<br />
– à Clavans et les 2 Alpes chez Odile Proal et Xavier Gonord<br />&#8211; A Bourg d’Oisans autour de Pierre Minelli<br />
Au menu : échange de nouvelles, partage d’évangile, prière.<br />
<strong>Groupe biblique</strong><br />
Un groupe se réunit autour de Dan Weekes, protestant évangélique australien. Il se réunit le mercredi tous les 15 jours à 18h à Bourg d’Oisans, semaine paire, suivi d’un repas partagé.<br />
En 2025-26, nous lisons la 1° lettre aux Corinthiens&#8221; content_phone=&#8221;</p>
<p style=%22text-align: left;%22><strong></strong></p>
<p style=%22text-align: left;%22><strong></strong></p>
<p style=%22text-align: left;%22><strong></strong></p>
<p style=%22text-align: left;%22><strong>Equipe paroissiale</strong><br />
L’équipe paroissiale se réunit régulièrement avec le prêtre pour porter ensemble la charge paroissiale, évaluer le passé et envisager l’avenir. Elle est composée actuellement de :  Jérôme Nonet 06 60 45 67 90<br />
Jean-Marie JACOB 06 88 62 11 64<br />
<strong>Conseil paroissial</strong><br />
Le conseil paroissial a pour but de voir comment la paroisse répond aux attentes des habitants, comment annoncer en Oisans la Bonne nouvelle de l’évangile. Il est composé du prêtre, de l’équipe paroissiale, du notaire, de l’économe et de différentes personnes cooptées. Il se réunit deux ou trois fois par an.<br />
<strong>Equipes liturgiques</strong><br />
Une petite équipe prépare mensuellement les chants des messes à venir.<br />
Une autre équipe, dispersée, prépare les prières universelles. Si vous désirez y contribuer et prendre votre tour, appelez Michel Bonte au 04 76 11 01 95.<br />
<strong>Fraternités locales</strong><br />
Ces fraternités, encouragées par l’évêque favorisent la proximité et le partage. En Oisans, deux équipes sont déjà en place :<br />
– à Clavans et les 2 Alpes chez Odile Proal et Xavier Gonord<br />&#8211; A Bourg d’Oisans autour de Pierre Minelli<br />
Au menu : échange de nouvelles, partage d’évangile, prière.<br />
<strong>Groupe biblique</strong><br />
Un groupe se réunit autour de Dan Weekes, protestant évangélique australien. Il se réunit le mercredi tous les 15 jours à 18h à Bourg d’Oisans, semaine paire, suivi d’un repas partagé.<br />
En 2025-26, nous lisons la 1° lettre aux Corinthiens&#8221;]</p>
<p style="text-align: left;"><strong>Equipe paroissiale</strong><br />L’équipe paroissiale se réunit régulièrement avec le prêtre pour porter ensemble la charge paroissiale, évaluer le passé et envisager l’avenir. Elle est composée actuellement de :  Jérôme Nonet 06 60 45 67 90<br />Jean-Marie JACOB 06 88 62 11 64<br /><strong>Conseil paroissial</strong><br />Le conseil paroissial a pour but de voir comment la paroisse répond aux attentes des habitants, comment annoncer en Oisans la Bonne nouvelle de l’évangile. Il est composé du prêtre, de l’équipe paroissiale, du notaire, de l’économe et de différentes personnes cooptées. Il se réunit deux ou trois fois par an.<br /><strong>Equipes liturgiques</strong><br />Une petite équipe prépare mensuellement les chants des messes à venir.<br />Une autre équipe, dispersée, prépare les prières universelles. Si vous désirez y contribuer et prendre votre tour, appelez Michel Bonte au 04 76 11 01 95.<br /><strong>Fraternités locales</strong><br />Ces fraternités, encouragées par l’évêque favorisent la proximité et le partage. En Oisans, deux équipes sont déjà en place : – à Clavans et les 2 Alpes chez Odile Proal et Xavier Gonord  - A Bourg d’Oisans autour de Pierre Minelli<br />Au menu : échange de nouvelles, partage d’évangile, prière.<br /><strong>Groupe biblique</strong><br />Un groupe se réunit autour de Dan Weekes, protestant évangélique australien. Il se réunit le mercredi tous les 15 jours à 18h à Bourg d’Oisans, semaine paire, suivi d’un repas partagé. <br />En 2025-26, nous lisons la 1° lettre aux Corinthiens</p>
<p>[/et_pb_text][/et_pb_column][/et_pb_row][/et_pb_section]</p>

<p>Vie en Paroisse &nbsp; Agenda de la Paroisse Equipe paroissialeL’équipe paroissiale se réunit régulièrement avec le prêtre pour porter ensemble la charge paroissiale, évaluer le passé et envisager l’avenir. Elle est composée actuellement de :  Jérôme Nonet 06 60 45 67 90Jean-Marie JACOB 06 88 62 11 64Conseil paroissialLe conseil paroissial a pour but de [&hellip;]</p>
